{"id":41,"date":"2019-04-28T12:00:40","date_gmt":"2019-04-28T10:00:40","guid":{"rendered":"http:\/\/www.derblindeseher.de\/?page_id=41"},"modified":"2019-04-28T12:00:40","modified_gmt":"2019-04-28T10:00:40","slug":"troeffelschnoeffel","status":"publish","type":"page","link":"https:\/\/www.derblindeseher.de\/index.php\/troeffelschnoeffel\/","title":{"rendered":"Tr\u00f6ffelschn\u00f6ffel"},"content":{"rendered":"<p>Das Tr\u00f6ffelschn\u00f6ffel (sing.) Ist zwar nicht direkt mit dem Schn\u00f6ffelw\u00f6lf verwandt, teilt mit ihm jedoch viele Eigenschaften bez\u00fcglich Nahrungsbeschaffung,, deren Aufnahme und der Vorratsbildung.<\/p>\n<p>Tr\u00f6ffelschn\u00f6ffel finden sich in freier Wildbahn wesentlich seltener. Sie sind zwar Einzelg\u00e4nger, bilden mit dem \u00a0Schn\u00f6ffelw\u00f6lf jedoch bisweilen Jagdgemeinschaften.<\/p>\n","protected":false},"excerpt":{"rendered":"<p>Das Tr\u00f6ffelschn\u00f6ffel (sing.) Ist zwar nicht direkt mit dem Schn\u00f6ffelw\u00f6lf verwandt, teilt mit ihm jedoch viele Eigenschaften bez\u00fcglich Nahrungsbeschaffung,, deren Aufnahme und der Vorratsbildung. Tr\u00f6ffelschn\u00f6ffel finden sich in freier Wildbahn wesentlich seltener. Sie sind zwar Einzelg\u00e4nger, bilden mit dem \u00a0Schn\u00f6ffelw\u00f6lf jedoch bisweilen Jagdgemeinschaften.<\/p>\n","protected":false},"author":1,"featured_media":0,"parent":0,"menu_order":0,"comment_status":"closed","ping_status":"closed","template":"","meta":{"footnotes":""},"class_list":["post-41","page","type-page","status-publish","hentry"],"_links":{"self":[{"href":"https:\/\/www.derblindeseher.de\/index.php\/wp-json\/wp\/v2\/pages\/41","targetHints":{"allow":["GET"]}}],"collection":[{"href":"https:\/\/www.derblindeseher.de\/index.php\/wp-json\/wp\/v2\/pages"}],"about":[{"href":"https:\/\/www.derblindeseher.de\/index.php\/wp-json\/wp\/v2\/types\/page"}],"author":[{"embeddable":true,"href":"https:\/\/www.derblindeseher.de\/index.php\/wp-json\/wp\/v2\/users\/1"}],"replies":[{"embeddable":true,"href":"https:\/\/www.derblindeseher.de\/index.php\/wp-json\/wp\/v2\/comments?post=41"}],"version-history":[{"count":1,"href":"https:\/\/www.derblindeseher.de\/index.php\/wp-json\/wp\/v2\/pages\/41\/revisions"}],"predecessor-version":[{"id":42,"href":"https:\/\/www.derblindeseher.de\/index.php\/wp-json\/wp\/v2\/pages\/41\/revisions\/42"}],"wp:attachment":[{"href":"https:\/\/www.derblindeseher.de\/index.php\/wp-json\/wp\/v2\/media?parent=41"}],"curies":[{"name":"wp","href":"https:\/\/api.w.org\/{rel}","templated":true}]}}